{"id":173322,"date":"2024-02-16T18:39:53","date_gmt":"2024-02-16T17:39:53","guid":{"rendered":"https:\/\/immoservicemeisel.com\/?post_type=property&#038;p=173322"},"modified":"2026-02-22T11:27:17","modified_gmt":"2026-02-22T10:27:17","slug":"las-palmeras","status":"publish","type":"property","link":"https:\/\/immoservicemeisel.com\/es\/propiedad\/las-palmeras\/","title":{"rendered":"Las Palmeras con piscina, para 6 personas"},"content":{"rendered":"<div>Bonita y acogedora casa en la tranquila zona del Lago de Sant Maurici.<br \/>\nLa casa tiene una superficie de aproximadamente 100m2 y consta de 2 habitaciones dobles en la casa principal y 1 habitaci\u00f3n doble en la casa de hu\u00e9spedes. Adem\u00e1s, contamos con una bonita y bien equipada cocina americana con una nevera grande, lavavajillas, fuegos de cocina y horno, microondas y cafetera. Junto al \u00e1rea de comedor tenemos la zona de estar con acceso a varias terrazas y la casa de hu\u00e9spedes. La casa cuenta con 3 aires acondicionados y 2 ba\u00f1os, 1 con ducha y el otro con ba\u00f1era.<br \/>\nFrente a la casa tenemos una piscina de 7 x 3m, para que los ni\u00f1os se refresquen en verano.<br \/>\nEl lugar ideal para vacaciones de verano en un ambiente cuidado y con mucho confort.<br \/>\nDisfrute simplemente de su tiempo en la terraza con una hermosa parrilla.<br \/>\nLa casa es adecuada para 6 personas.<br \/>\nExtras: Aires acondicionados por un suplemento (10\u20ac\/d\u00eda), lavadora, lavavajillas, piscina desmontable, parrilla exterior, 2 terrazas.<\/div>\n<div><\/div>\n<div>[ics_calendar url=&#8221;https:\/\/www.ferienhausmiete.de\/390936.ics&#8221;]<\/div>\n","protected":false},"excerpt":{"rendered":"<p>Bonita y acogedora casa en la tranquila zona del Lago de Sant Maurici. La casa tiene una superficie de aproximadamente 100m2 y consta de 2 habitaciones dobles en la casa principal y 1 habitaci\u00f3n doble en la casa de hu\u00e9spedes. Adem\u00e1s, contamos con una bonita y bien equipada cocina americana con una nevera grande, lavavajillas, [&hellip;]<\/p>\n","protected":false},"author":1,"featured_media":189148,"parent":0,"menu_order":0,"template":"","property_type":[130],"property_status":[187],"property_feature":[171,175,209,223,199,219,220,298,225],"property_label":[],"property_city":[182],"class_list":["post-173322","property","type-property","status-publish","has-post-thumbnail","hentry","property_type-casa","property_status-alquiler","property_feature-aire-acondicionado","property_feature-barbacoa","property_feature-ducha-al-aire-libre","property_feature-lavadora","property_feature-microondas","property_feature-piscina","property_feature-television-por-cable","property_feature-terraza","property_feature-wifi","property_city-empuriabrava"],"property_meta":{"classic-editor-remember":["classic-editor"],"_wpml_word_count":["170"],"_edit_lock":["1771755931:4"],"_edit_last":["4"],"_thumbnail_id":["189148"],"_wp_page_template":["default"],"fave_property_price":["1477"],"fave_show_price_placeholder":["0"],"fave_property_price_prefix":["Desde"],"fave_property_price_postfix":["semana"],"fave_property_size":["80"],"fave_property_bedrooms":["3"],"fave_property_bathrooms":["2"],"fave_property_id":["HUTG 064811"],"fave_piscina":["S\u00ed"],"fave_property_map":["1"],"fave_property_location":["42.252969525889,3.104442358017,17"],"houzez_geolocation_lat":["42.252969525889"],"houzez_geolocation_long":["3.104442358017"],"fave_property_map_street_view":["hide"],"fave_property_address":["Carrer Sant Maurici 27b, Empuriabrava"],"fave_property_zip":["17487"],"fave_featured":["1"],"fave_loggedintoview":["0"],"fave_agent_display_option":["agent_info"],"fave_agents":["156"],"fave_prop_homeslider":["no"],"fave_single_top_area":["global"],"fave_single_content_area":["global"],"houzez_manual_expire":["0"],"_houzez_expiration_date_status":["saved"],"_wpml_media_duplicate":["0"],"_wpml_media_featured":["0"],"houzez_total_property_views":["844"],"houzez_views_by_date":["a:61:{s:10:\"01-03-2026\";i:1;s:10:\"01-04-2026\";i:3;s:10:\"01-06-2026\";i:2;s:10:\"01-07-2026\";i:2;s:10:\"01-08-2026\";i:1;s:10:\"01-09-2026\";i:2;s:10:\"01-13-2026\";i:3;s:10:\"01-14-2026\";i:4;s:10:\"01-15-2026\";i:4;s:10:\"01-17-2026\";i:3;s:10:\"01-18-2026\";i:3;s:10:\"01-21-2026\";i:1;s:10:\"01-22-2026\";i:1;s:10:\"01-23-2026\";i:1;s:10:\"01-24-2026\";i:1;s:10:\"01-28-2026\";i:3;s:10:\"02-01-2026\";i:2;s:10:\"02-03-2026\";i:3;s:10:\"02-05-2026\";i:1;s:10:\"02-10-2026\";i:3;s:10:\"02-12-2026\";i:2;s:10:\"02-14-2026\";i:2;s:10:\"02-17-2026\";i:3;s:10:\"02-18-2026\";i:1;s:10:\"02-19-2026\";i:1;s:10:\"02-22-2026\";i:2;s:10:\"02-24-2026\";i:2;s:10:\"02-26-2026\";i:1;s:10:\"03-03-2026\";i:1;s:10:\"03-05-2026\";i:1;s:10:\"03-06-2026\";i:3;s:10:\"03-09-2026\";i:2;s:10:\"03-12-2026\";i:1;s:10:\"03-13-2026\";i:2;s:10:\"03-14-2026\";i:1;s:10:\"03-17-2026\";i:3;s:10:\"03-18-2026\";i:1;s:10:\"03-20-2026\";i:2;s:10:\"03-21-2026\";i:1;s:10:\"03-22-2026\";i:1;s:10:\"03-25-2026\";i:1;s:10:\"03-26-2026\";i:1;s:10:\"03-30-2026\";i:1;s:10:\"04-02-2026\";i:1;s:10:\"04-03-2026\";i:1;s:10:\"04-07-2026\";i:1;s:10:\"04-08-2026\";i:1;s:10:\"04-09-2026\";i:1;s:10:\"04-12-2026\";i:2;s:10:\"04-14-2026\";i:2;s:10:\"04-16-2026\";i:1;s:10:\"04-17-2026\";i:1;s:10:\"04-18-2026\";i:1;s:10:\"04-19-2026\";i:1;s:10:\"04-20-2026\";i:3;s:10:\"04-22-2026\";i:2;s:10:\"04-24-2026\";i:6;s:10:\"04-25-2026\";i:1;s:10:\"04-27-2026\";i:9;s:10:\"04-28-2026\";i:4;s:10:\"04-29-2026\";i:2;}"],"houzez_recently_viewed":["2026-04-29 23:10:56"],"fave_property_sec_price":["903"],"fave_parking":["1"],"fave_nc2ba-de-personas":["6"],"fave_property_map_address":["Calle Sant Maurici 27b, Empuriabrva"],"_elementor_page_assets":["a:0:{}"],"fave_property_rooms":["7"],"fave_property_images":["189160","189172","173343","189168","173339","173335","173375","173355","173359","173371","173383","173379","173367","173363","173351","173347","173327","189164","189176","189180","189184","189188","189192","189196","189200","189204","189208","189212","189216"]},"_links":{"self":[{"href":"https:\/\/immoservicemeisel.com\/es\/wp-json\/wp\/v2\/properties\/173322","targetHints":{"allow":["GET"]}}],"collection":[{"href":"https:\/\/immoservicemeisel.com\/es\/wp-json\/wp\/v2\/properties"}],"about":[{"href":"https:\/\/immoservicemeisel.com\/es\/wp-json\/wp\/v2\/types\/property"}],"author":[{"embeddable":true,"href":"https:\/\/immoservicemeisel.com\/es\/wp-json\/wp\/v2\/users\/1"}],"version-history":[{"count":4,"href":"https:\/\/immoservicemeisel.com\/es\/wp-json\/wp\/v2\/properties\/173322\/revisions"}],"predecessor-version":[{"id":181126,"href":"https:\/\/immoservicemeisel.com\/es\/wp-json\/wp\/v2\/properties\/173322\/revisions\/181126"}],"wp:featuredmedia":[{"embeddable":true,"href":"https:\/\/immoservicemeisel.com\/es\/wp-json\/wp\/v2\/media\/189148"}],"wp:attachment":[{"href":"https:\/\/immoservicemeisel.com\/es\/wp-json\/wp\/v2\/media?parent=173322"}],"wp:term":[{"taxonomy":"property_type","embeddable":true,"href":"https:\/\/immoservicemeisel.com\/es\/wp-json\/wp\/v2\/property_type?post=173322"},{"taxonomy":"property_status","embeddable":true,"href":"https:\/\/immoservicemeisel.com\/es\/wp-json\/wp\/v2\/property_status?post=173322"},{"taxonomy":"property_feature","embeddable":true,"href":"https:\/\/immoservicemeisel.com\/es\/wp-json\/wp\/v2\/property_feature?post=173322"},{"taxonomy":"property_label","embeddable":true,"href":"https:\/\/immoservicemeisel.com\/es\/wp-json\/wp\/v2\/property_label?post=173322"},{"taxonomy":"property_city","embeddable":true,"href":"https:\/\/immoservicemeisel.com\/es\/wp-json\/wp\/v2\/property_city?post=173322"}],"curies":[{"name":"wp","href":"https:\/\/api.w.org\/{rel}","templated":true}]}}

<div>Bonita y acogedora casa en la tranquila zona del Lago de Sant Maurici.<br />
La casa tiene una superficie de aproximadamente 100m2 y consta de 2 habitaciones dobles en la casa principal y 1 habitación doble en la casa de huéspedes. Además, contamos con una bonita y bien equipada cocina americana con una nevera grande, lavavajillas, fuegos de cocina y horno, microondas y cafetera. Junto al área de comedor tenemos la zona de estar con acceso a varias terrazas y la casa de huéspedes. La casa cuenta con 3 aires acondicionados y 2 baños, 1 con ducha y el otro con bañera.<br />
Frente a la casa tenemos una piscina de 7 x 3m, para que los niños se refresquen en verano.<br />
El lugar ideal para vacaciones de verano en un ambiente cuidado y con mucho confort.<br />
Disfrute simplemente de su tiempo en la terraza con una hermosa parrilla.<br />
La casa es adecuada para 6 personas.<br />
Extras: Aires acondicionados por un suplemento (10€/día), lavadora, lavavajillas, piscina desmontable, parrilla exterior, 2 terrazas.</div>
<div></div>
<div>[ics_calendar url=&#8221;https://www.ferienhausmiete.de/390936.ics&#8221;]</div>

<p>Bonita y acogedora casa en la tranquila zona del Lago de Sant Maurici. La casa tiene una superficie de aproximadamente 100m2 y consta de 2 habitaciones dobles en la casa principal y 1 habitación doble en la casa de huéspedes. Además, contamos con una bonita y bien equipada cocina americana con una nevera grande, lavavajillas, [&hellip;]</p>

Sí
